{"id":31,"date":"2019-11-04T16:34:34","date_gmt":"2019-11-04T16:34:34","guid":{"rendered":"https:\/\/vshaugsdorf.ac.at\/?page_id=31"},"modified":"2025-07-02T06:41:47","modified_gmt":"2025-07-02T06:41:47","slug":"termine","status":"publish","type":"page","link":"https:\/\/vshaugsdorf.ac.at\/?page_id=31","title":{"rendered":"Termine"},"content":{"rendered":"<p>Der erste Schultag, 1.9.2025, beginnt mit dem Wortgottesdienst um 9:30 Uhr in der Aula.<br \/>Eltern sind eingeladen, beim Wortgottesdienst mitzufeiern.<\/p>\n<p>F\u00fcr die ersten Klassen gibt es anschlie\u00dfend in den Klassenr\u00e4umen eine kurze Information. Die Kinder der 2. bis 4. Schulstufe gehen alleine mit ihren Lehrerinnen in die Klassen.<\/p>\n<p>Der erste Schultag endet ca. um 10:15 Uhr.<\/p>\n<p>Am ersten Tag fahren zu diesen Zeiten keine Busse.<\/p>\n<p>Am zweiten Schultag startet dann auch die Nachmittagsbetreuung.<\/p>\n","protected":false},"excerpt":{"rendered":"<p>Der erste Schultag, 1.9.2025, beginnt mit dem Wortgottesdienst um 9:30 Uhr in der Aula.Eltern sind eingeladen, beim Wortgottesdienst mitzufeiern. F\u00fcr die ersten Klassen gibt es anschlie\u00dfend in den Klassenr\u00e4umen eine kurze Information. Die Kinder der 2. bis 4. Schulstufe gehen alleine mit ihren Lehrerinnen in die Klassen. Der erste Schultag endet ca. um 10:15 Uhr. &hellip; <a href=\"https:\/\/vshaugsdorf.ac.at\/?page_id=31\" class=\"more-link\"><span class=\"screen-reader-text\">Termine<\/span> weiterlesen <span class=\"meta-nav\">&rarr;<\/span><\/a><\/p>\n","protected":false},"author":2,"featured_media":0,"parent":0,"menu_order":0,"comment_status":"closed","ping_status":"closed","template":"","meta":{"footnotes":""},"class_list":["post-31","page","type-page","status-publish","hentry"],"_links":{"self":[{"href":"https:\/\/vshaugsdorf.ac.at\/index.php?rest_route=\/wp\/v2\/pages\/31","targetHints":{"allow":["GET"]}}],"collection":[{"href":"https:\/\/vshaugsdorf.ac.at\/index.php?rest_route=\/wp\/v2\/pages"}],"about":[{"href":"https:\/\/vshaugsdorf.ac.at\/index.php?rest_route=\/wp\/v2\/types\/page"}],"author":[{"embeddable":true,"href":"https:\/\/vshaugsdorf.ac.at\/index.php?rest_route=\/wp\/v2\/users\/2"}],"replies":[{"embeddable":true,"href":"https:\/\/vshaugsdorf.ac.at\/index.php?rest_route=%2Fwp%2Fv2%2Fcomments&post=31"}],"version-history":[{"count":14,"href":"https:\/\/vshaugsdorf.ac.at\/index.php?rest_route=\/wp\/v2\/pages\/31\/revisions"}],"predecessor-version":[{"id":1523,"href":"https:\/\/vshaugsdorf.ac.at\/index.php?rest_route=\/wp\/v2\/pages\/31\/revisions\/1523"}],"wp:attachment":[{"href":"https:\/\/vshaugsdorf.ac.at\/index.php?rest_route=%2Fwp%2Fv2%2Fmedia&parent=31"}],"curies":[{"name":"wp","href":"https:\/\/api.w.org\/{rel}","templated":true}]}}